rs of 1073?
29, 37
What are the prime factors of 58556?
2, 14639
List the prime factors of 23077.
47, 491
What are the prime factors of 644?
2, 7, 23
What are the prime factors of 1658?
2, 829
List the prime factors of 47012.
2, 7, 23, 73
List the prime factors of 35148.
2, 3, 29, 101
List the prime factors of 6010.
2, 5, 601
List the prime factors of 1117.
1117
List the prime factors of 159.
3, 53
What are the prime factors of 928?
2, 29
What are the prime factors of 490?
2, 5, 7
What are the prime factors of 761?
761
What are the prime factors of 1393?
7, 199
What are the prime factors of 28026?
2, 3, 173
List the prime factors of 3734.
2, 1867
List the prime factors of 88428.
2, 3, 7369
List the prime factors of 8911.
7, 19, 67
What are the prime factors of 1172?
2, 293
What are the prime factors of 94473?
3, 3499
List the prime factors of 33596.
2, 37, 227
What are the prime factors of 101?
101
List the prime factors of 3971.
11, 19
List the prime factors of 7015.
5, 23, 61
What are the prime factors of 12550?
2, 5, 251
What are the prime factors of 5514?
2, 3, 919
What are the prime factors of 20191?
61, 331
List the prime factors of 3027.
3, 1009
What are the prime factors of 2260?
2, 5, 113
What are the prime factors of 11086?
2, 23, 241
List the prime factors of 58272.
2, 3, 607
List the prime factors of 31219.
31219
What are the prime factors of 67?
67
List the prime factors of 47455.
5, 9491
List the prime factors of 531.
3, 59
List the prime factors of 2385.
3, 5, 53
List the prime factors of 66526.
2, 29, 31, 37
What are the prime factors of 2368?
2, 37
List the prime factors of 2281.
2281
List the prime factors of 5557.
5557
List the prime factors of 1659.
3, 7, 79
What are the prime factors of 7385?
5, 7, 211
What are the prime factors of 281?
281
List the prime factors of 15673.
7, 2239
What are the prime factors of 48953?
48953
List the prime factors of 118748.
2, 7, 4241
What are the prime factors of 6387?
3, 2129
List the prime factors of 288.
2, 3
List the prime factors of 4004.
2, 7, 11, 13
List the prime factors of 827.
827
What are the prime factors of 682?
2, 11, 31
What are the prime factors of 1069?
1069
What are the prime factors of 623?
7, 89
What are the prime factors of 7997?
11, 727
List the prime factors of 3988.
2, 997
List the prime factors of 41986.
2, 7, 2999
List the prime factors of 3288.
2, 3, 137
What are the prime factors of 1329?
3, 443
List the prime factors of 2134.
2, 11, 97
List the prime factors of 6816.
2, 3, 71
List the prime factors of 577.
577
List the prime factors of 832.
2, 13
List the prime factors of 52081.
52081
List the prime factors of 74.
2, 37
List the prime factors of 49923.
3, 43
List the prime factors of 5170.
2, 5, 11, 47
List the prime factors of 1928.
2, 241
What are the prime factors of 1837?
11, 167
What are the prime factors of 705?
3, 5, 47
What are the prime factors of 6838?
2, 13, 263
What are the prime factors of 2047?
23, 89
What are the prime factors of 3012?
2, 3, 251
What are the prime factors of 1106?
2, 7, 79
List the prime factors of 8007.
3, 17, 157
List the prime factors of 820.
2, 5, 41
What are the prime factors of 987?
3, 7, 47
List the prime factors of 92944.
2, 37, 157
What are the prime factors of 16303?
7, 17, 137
List the prime factors of 372.
2, 3, 31
What are the prime factors of 17134?
2, 13, 659
List the prime factors of 77917.
7, 11131
List the prime factors of 4724.
2, 1181
What are the prime factors of 3757?
13, 17
What are the prime factors of 80059?
7, 11437
What are the prime factors of 183618?
2, 3, 101
What are the prime factors of 1756?
2, 439
List the prime factors of 51403.
11, 4673
What are the prime factors of 5864?
2, 733
List the prime factors of 1049.
1049
List the prime factors of 40461.
3, 13487
What are the prime factors of 102?
2, 3, 17
What are the prime factors of 4600?
2, 5, 23
What are the prime factors of 6601?
7, 23, 41
List the prime factors of 70374.
2, 3, 37, 317
List the prime factors of 33255.
3, 5, 739
What are the prime factors of 6126?
2, 3, 1021
List the prime factors of 11191.
19, 31
What are the prime factors of 18585?
3, 5, 7, 59
List the prime factors of 82545.
3, 5, 5503
What are the prime factors of 5679?
3, 631
What are the prime factors of 217?
7, 31
What are the prime factors of 1596?
2, 3, 7, 19
List the prime factors of 1473.
3, 491
What are the prime factors of 427?
7, 61
What are the prime factors of 1228?
2, 307
What are the prime factors of 127445?
5, 71, 359
List the prime factors of 18361.
7, 43, 61
What are the prime factors of 187?
11, 17
What are the prime factors of 309?
3, 103
What are the prime factors of 19906?
2, 37, 269
List the prime factors of 4141.
41, 101
What are the prime factors of 5918?
2, 11, 269
What are the prime factors of 1297?
1297
List the prime factors of 57614.
2, 28807
What are the prime factors of 679?
7, 97
What are the prime factors of 164614?
2, 82307
What are the prime factors of 70790?
2, 5, 7079
List the prime factors of 16256.
2, 127
What are the prime factors of 74246?
2, 37123
List the prime factors of 312.
2, 3, 13
List the prime factors of 40153.
40153
What are the prime factors of 199?
199
List the prime factors of 7458.
2, 3, 11, 113
What are the prime factors of 15927?
3, 5309
List the prime factors of 45990.
2, 3, 5, 7, 73
What are the prime factors of 71731?
11, 6521
List the prime factors of 1232.
2, 7, 11
What are the prime factors of 2252?
2, 563
What are the prime factors of 44864?
2, 701
What are the prime factors of 10221?
3, 3407
List the prime factors of 1805.
5, 19
What are the prime factors of 30317?
7, 61, 71
List the prime factors of 4455.
3, 5, 11
List the prime factors of 2636.
2, 659
What are the prime factors of 21341?
21341
List the prime factors of 995.
5, 199
List the prime factors of 43580.
2, 5, 2179
What are the prime factors of 752?
2, 47
List the prime factors of 4784.
2, 13, 23
What are the prime factors of 22008?
2, 3, 7, 131
What are the prime factors of 12996?
2, 3, 19
List the prime factors of 446.
2, 223
What are the prime factors of 1638?
2, 3, 7, 13
List the prime factors of 1517.
37, 41
List the prime factors of 416.
2, 13
What are the prime factors of 30691?
47, 653
What are the prime factors of 61781?
61781
What are the prime factors of 5345?
5, 1069
What are the prime factors of 1045?
5, 11, 19
What are the prime factors of 74183?
31, 2393
What are the prime factors of 465?
3, 5, 31
List the prime factors of 299.
13, 23
What are the prime factors of 1529?
11, 139
List the prime factors of 1684.
2, 421
List the prime factors of 17465.
5, 7, 499
What are the prime factors of 67806?
2, 3, 3767
List the prime factors of 86145.
3, 5, 5743
List the prime factors of 6006.
2, 3, 7, 11, 13
List the prime factors of 30683.
61, 503
List the prime factors of 54076.
2, 11, 1229
What are the prime factors of 9470?
2, 5, 947
What are the prime factors of 2347?
2347
List the prime factors of 1195.
5, 239
List the prime factors of 15636.
2, 3, 1303
What are the prime factors of 38?
2, 19
What are the prime factors of 1155?
3, 5, 7, 11
What are the prime factors of 180922?
2, 7, 12923
What are the prime factors of 3265?
5, 653
List the prime factors of 6716.
2, 23, 73
What are the prime factors of 1814?
2, 907
What are the prime factors of 243?
3
What are the prime factors of 17949?
3, 31, 193
What are the prime factors of 2211?
3, 11, 67
List the prime factors of 4064.
2, 127
What are the prime factors of 3459?
3, 1153
What are the prime factors of 5528?
2, 691
What are the prime factors of 14907?
3, 4969
What are the prime factors of 1856?
2, 29
What are the prime factors of 916?
2, 229
What are the prime factors of 16190?
2, 5, 1619
What are the prime factors of 6130?
2, 5, 613
List the prime factors of 34938.
2, 3, 647
What are the prime factors of 3964?
2, 991
What are the prime factors of 11532?
2, 3, 31
List the prime factors of 14444.
2, 23, 157
List the prime factors of 9250.
2, 5, 37
What are the prime factors of 793?
13, 61
List the prime factors of 9131.
23, 397
List the prime factors of 9901.
9901
List the prime factors of 63909.
3, 263
What are the prime factors of 5023?
5023
List the prime factors of 1278.
2, 3, 71
List